{"id":2044,"date":"2019-09-16T23:45:00","date_gmt":"2019-09-16T23:45:00","guid":{"rendered":"http:\/\/hotel-school.eu\/?page_id=2044"},"modified":"2025-10-24T10:22:05","modified_gmt":"2025-10-24T09:22:05","slug":"kontakt","status":"publish","type":"page","link":"https:\/\/hotel-school.eu\/wp-index.php\/kontakt\/","title":{"rendered":"Kontakt"},"content":{"rendered":"<div class=\"fusion-fullwidth fullwidth-box fusion-builder-row-1 nonhundred-percent-fullwidth non-hundred-percent-height-scrolling\" style=\"background-color: #f7f5f4;background-position: center center;background-repeat: no-repeat;padding-top:0px;padding-right:0px;padding-bottom:0px;padding-left:0px;margin-bottom: 0px;margin-top: 0px;border-width: 0px 0px 0px 0px;border-color:#e7e4e2;border-style:solid;\" ><div class=\"fusion-builder-row fusion-row\"><div class=\"fusion-layout-column fusion_builder_column fusion-builder-column-0 fusion_builder_column_1_3 1_3 fusion-one-third fusion-column-first\" style=\"width:33.333333333333%;width:calc(33.333333333333% - ( ( 4% ) * 0.33333333333333 ) );margin-right: 4%;margin-top:0px;margin-bottom:10px;\"><div class=\"fusion-column-wrapper fusion-flex-column-wrapper-legacy\" style=\"background-position:left top;background-repeat:no-repeat;-webkit-background-size:cover;-moz-background-size:cover;-o-background-size:cover;background-size:cover;padding: 12px 0px 0px 0px;\"><style type=\"text\/css\"><\/style><div class=\"fusion-title title fusion-title-1 fusion-sep-none fusion-title-text fusion-title-size-one\" style=\"font-size:23px;margin-top:0px;margin-right:0px;margin-bottom:30px;margin-left:0px;\"><h1 class=\"title-heading-left fusion-responsive-typography-calculated\" style=\"margin:0;font-size:1em;--fontSize:23;line-height:1.91;\"><div style=\"text-align: center;\">Hotelov\u00e1 \u0161kola Mari\u00e1nsk\u00e9 L\u00e1zn\u011b, p. o.<\/div><\/h1><\/div><style type=\"text\/css\"><\/style><div class=\"fusion-title title fusion-title-2 fusion-sep-none fusion-title-text fusion-title-size-one\" style=\"font-size:2em;margin-top:0px;margin-right:0px;margin-bottom:30px;margin-left:0px;\"><h1 class=\"title-heading-left fusion-responsive-typography-calculated\" style=\"margin:0;font-size:1em;--fontSize:30;line-height:1.47;\"><div style=\"text-align: center;\"><span style=\"color: var(--h1_typography-color); font-family: var(--h1_typography-font-family); font-size: 1em; font-style: var(--h1_typography-font-style,normal); font-weight: var(--h1_typography-font-weight); letter-spacing: var(--h1_typography-letter-spacing); background-color: rgba(255, 255, 255, 0);\">\u0158editelka \u0161koly<\/span><\/div><\/h1><\/div><style type=\"text\/css\"><\/style><div class=\"fusion-title title fusion-title-3 fusion-sep-none fusion-title-center fusion-title-text fusion-title-size-three\" style=\"font-size:20px;margin-top:-30px;margin-right:0px;margin-bottom:30px;margin-left:0px;\"><h3 class=\"title-heading-center fusion-responsive-typography-calculated\" style=\"margin:0;font-size:1em;--fontSize:20;--minFontSize:20px;line-height:1.25;\"><div style=\"text-align: center;\"><span style=\"background-color: rgba(255, 255, 255, 0); color: var(--h3_typography-color); font-family: var(--h4_typography-font-family); font-size: 1em; font-style: var(--h3_typography-font-style,normal); letter-spacing: var(--h4_typography-letter-spacing);\">Ing. Lucie Fri\u010dlov\u00e1<\/span><\/div><\/h3><\/div><style type=\"text\/css\"><\/style><div class=\"fusion-title title fusion-title-4 fusion-sep-none fusion-title-center fusion-title-text fusion-title-size-four\" style=\"font-size:1em;margin-top:-30px;margin-right:0px;margin-bottom:30px;margin-left:0px;\"><h4 class=\"title-heading-center fusion-responsive-typography-calculated\" style=\"margin:0;font-size:1em;color:var(--awb-custom_color_1);--fontSize:15;--minFontSize:1em;line-height:1.67;\"><div style=\"text-align: center;\">lucie.friclova@hotelovaskola.cz<\/div><\/h4><\/div><style type=\"text\/css\"><\/style><div class=\"fusion-title title fusion-title-5 fusion-sep-none fusion-title-text fusion-title-size-one\" style=\"font-size:2em;margin-top:0px;margin-right:0px;margin-bottom:30px;margin-left:0px;\"><h1 class=\"title-heading-left fusion-responsive-typography-calculated\" style=\"margin:0;font-size:1em;--fontSize:30;line-height:1.07;\"><div style=\"text-align: center;\"><span style=\"color: var(--h1_typography-color); font-family: var(--h1_typography-font-family); font-size: 1em; font-style: var(--h1_typography-font-style,normal); font-weight: var(--h1_typography-font-weight); letter-spacing: var(--h1_typography-letter-spacing); background-color: rgba(255, 255, 255, 0);\">Kontakty<\/span><\/div><\/h1><\/div><div class=\"fusion-sep-clear\"><\/div><div class=\"fusion-separator fusion-full-width-sep\" style=\"margin-left: auto;margin-right: auto;width:100%;\"><\/div><div class=\"fusion-sep-clear\"><\/div><style type=\"text\/css\"><\/style><div class=\"fusion-title title fusion-title-6 fusion-sep-none fusion-title-text fusion-title-size-four\" style=\"font-size:1em;margin-top:-30px;margin-right:0px;margin-bottom:30px;margin-left:0px;\"><h4 class=\"title-heading-left fusion-responsive-typography-calculated\" style=\"margin:0;font-size:1em;color:var(--awb-custom_color_1);--fontSize:15;--minFontSize:1em;line-height:2;\"><div style=\"text-align: center;\"><i class=\"fas fa-envelope\"><\/i><span style=\"color: #0000ff; font-family: var(--h4_typography-font-family); font-size: 1em; font-style: var(--h4_typography-font-style,normal); font-weight: var(--h4_typography-font-weight); letter-spacing: var(--h4_typography-letter-spacing); background-color: rgba(255, 255, 255, 0);\"> hotelova.skola@post.cz<\/span><\/div><\/h4><\/div><style type=\"text\/css\"><\/style><div class=\"fusion-title title fusion-title-7 fusion-sep-none fusion-title-text fusion-title-size-four\" style=\"font-size:1em;margin-top:-30px;margin-right:0px;margin-bottom:30px;margin-left:0px;\"><h4 class=\"title-heading-left fusion-responsive-typography-calculated\" style=\"margin:0;font-size:1em;--fontSize:15;--minFontSize:1em;line-height:2;\"><div style=\"text-align: center;\"><i class=\"fas fa-info-circle\"><\/i> Datov\u00e1 schr\u00e1nka: <b>85ytrpj<\/b><\/div><\/h4><\/div><style type=\"text\/css\"><\/style><div class=\"fusion-title title fusion-title-8 fusion-sep-none fusion-title-text fusion-title-size-four\" style=\"font-size:1em;margin-top:-30px;margin-right:0px;margin-bottom:30px;margin-left:0px;\"><h4 class=\"title-heading-left fusion-responsive-typography-calculated\" style=\"margin:0;font-size:1em;--fontSize:15;--minFontSize:1em;line-height:2;\"><div style=\"text-align: center;\"><img decoding=\"async\" src=\"https:\/\/hotel-school.eu\/wp-content\/uploads\/2024\/09\/fb.gif\" \/><a href=\"https:\/\/www.facebook.com\/profile.php?id=61565582222462\" target=\"_blank\" rel=\"noopener\"><span style=\"color: #0000ff;\"><strong>Facebook<\/strong><\/span><\/a><\/div><\/h4><\/div><style type=\"text\/css\"><\/style><div class=\"fusion-title title fusion-title-9 fusion-sep-none fusion-title-text fusion-title-size-four\" style=\"font-size:1em;margin-top:-30px;margin-right:0px;margin-bottom:30px;margin-left:0px;\"><h4 class=\"title-heading-left fusion-responsive-typography-calculated\" style=\"margin:0;font-size:1em;--fontSize:15;--minFontSize:1em;line-height:2;\"><div style=\"text-align: center;\"><i class=\"fas fa-phone-square-alt\"><\/i><span style=\"color: var(--h4_typography-color); font-family: var(--h4_typography-font-family); font-size: 1em; font-style: var(--h4_typography-font-style,normal); font-weight: var(--h4_typography-font-weight); letter-spacing: var(--h4_typography-letter-spacing); background-color: rgba(255, 255, 255, 0);\"> +420 354 622 605 (Komensk\u00e9ho ul.)<\/span><\/div><\/h4><\/div><style type=\"text\/css\"><\/style><div class=\"fusion-title title fusion-title-10 fusion-sep-none fusion-title-text fusion-title-size-four\" style=\"font-size:1em;margin-top:-30px;margin-right:0px;margin-bottom:30px;margin-left:0px;\"><h4 class=\"title-heading-left fusion-responsive-typography-calculated\" style=\"margin:0;font-size:1em;--fontSize:15;--minFontSize:1em;line-height:2;\"><div style=\"text-align: center;\"><strong> I\u010c: <\/strong>00077119<strong><br \/>\nDI\u010c: <\/strong><span style=\"color: var(--h4_typography-color); font-family: var(--h4_typography-font-family); font-size: 1em; font-style: var(--h4_typography-font-style,normal); font-weight: var(--h4_typography-font-weight); letter-spacing: var(--h4_typography-letter-spacing); text-align: left;\">CZ00077119<\/span><\/div>\n<p style=\"text-align: center;\"><span style=\"color: var(--h4_typography-color); font-family: var(--h4_typography-font-family); font-size: 1em; font-style: var(--h4_typography-font-style,normal); font-weight: var(--h4_typography-font-weight); letter-spacing: var(--h4_typography-letter-spacing); text-align: left;\">\u00a0<\/span><\/p><\/h4><\/div><style type=\"text\/css\"><\/style><div class=\"fusion-title title fusion-title-11 fusion-sep-none fusion-title-text fusion-title-size-four\" style=\"font-size:1em;margin-top:-30px;margin-right:0px;margin-bottom:30px;margin-left:0px;\"><h4 class=\"title-heading-left fusion-responsive-typography-calculated\" style=\"margin:0;font-size:1em;--fontSize:15;--minFontSize:1em;line-height:2;\"><div style=\"text-align: center;\"><strong> IZO: 000077119<br \/>\nREDIZO: 600009033<\/strong><\/div><\/h4><\/div><style type=\"text\/css\"><\/style><div class=\"fusion-title title fusion-title-12 fusion-sep-none fusion-title-text fusion-title-size-four\" style=\"font-size:1em;margin-top:-30px;margin-right:0px;margin-bottom:30px;margin-left:0px;\"><h4 class=\"title-heading-left fusion-responsive-typography-calculated\" style=\"margin:0;font-size:1em;--fontSize:15;--minFontSize:1em;line-height:2;\"><div style=\"text-align: center;\">\n<table border=\"0\" width=\"100%\" cellspacing=\"0\" cellpadding=\"0\">\n<tbody>\n<tr>\n<td valign=\"top\">Komensk\u00e9ho 449\/2<\/td>\n<\/tr>\n<tr>\n<td valign=\"top\">Mari\u00e1nsk\u00e9 L\u00e1zn\u011b<\/td>\n<\/tr>\n<tr>\n<td valign=\"top\">353 01<\/td>\n<\/tr>\n<\/tbody>\n<\/table>\n<\/div><\/h4><\/div><div class=\"fusion-text fusion-text-1\"><p style=\"text-align: center;\"><strong><a href=\"https:\/\/hotel-school.eu\/wp-index.php\/kontaktni-maily\/\"><u>Kontaktn\u00ed maily<\/u><\/a><\/strong><\/p>\n<\/div><div class=\"fusion-text fusion-text-2\"><p style=\"text-align: center;\"><em><a href=\"https:\/\/hotel-school.eu\/wp-content\/uploads\/2022\/01\/Snimek_skoly.xls\" target=\"_blank\" rel=\"noopener\"><u>Sn\u00edmek \u0161koly<\/u><\/a><\/em><\/p>\n<\/div><div class=\"fusion-clearfix\"><\/div><\/div><\/div><div class=\"fusion-layout-column fusion_builder_column fusion-builder-column-1 fusion_builder_column_2_3 2_3 fusion-two-third fusion-column-last\" style=\"width:66.666666666667%;width:calc(66.666666666667% - ( ( 4% ) * 0.66666666666667 ) );margin-top:0px;margin-bottom:0px;\"><div class=\"fusion-column-wrapper fusion-flex-column-wrapper-legacy\" style=\"background-position:left top;background-repeat:no-repeat;-webkit-background-size:cover;-moz-background-size:cover;-o-background-size:cover;background-size:cover;padding: 0px 0px 0px 0px;\"><div class=\"shortcode-map fusion-google-map fusion-maps-embed-type\"><iframe width=\"100%\" height=\"400px\" frameborder=\"0\" style=\"border:0\" src=\"https:\/\/www.google.com\/maps\/embed\/v1\/place?key=AIzaSyDvnn6iQrMjHfcSovmYPMA5WDgvIEhSNqU&language=cs&q=Komensk\u00e9ho+449\/2,+353+01+Mari\u00e1nsk\u00e9+L\u00e1zn\u011b&maptype=roadmap&zoom=15\" allowfullscreen><\/iframe><\/div><div class=\"shortcode-map fusion-google-map fusion-maps-embed-type\"><iframe width=\"100%\" height=\"400px\" frameborder=\"0\" style=\"border:0\" src=\"https:\/\/www.google.com\/maps\/embed\/v1\/place?key=AIzaSyDvnn6iQrMjHfcSovmYPMA5WDgvIEhSNqU&language=cs&q=Po\u0161tovn\u00ed+7,+353+01+Mari\u00e1nsk\u00e9+L\u00e1zn\u011b&maptype=roadmap&zoom=15\" allowfullscreen><\/iframe><\/div><div class=\"fusion-clearfix\"><\/div><\/div><\/div><\/div><\/div>\n","protected":false},"excerpt":{"rendered":"","protected":false},"author":1,"featured_media":0,"parent":0,"menu_order":0,"comment_status":"closed","ping_status":"closed","template":"","meta":{"footnotes":""},"class_list":["post-2044","page","type-page","status-publish","hentry"],"_links":{"self":[{"href":"https:\/\/hotel-school.eu\/wp-index.php\/wp-json\/wp\/v2\/pages\/2044","targetHints":{"allow":["GET"]}}],"collection":[{"href":"https:\/\/hotel-school.eu\/wp-index.php\/wp-json\/wp\/v2\/pages"}],"about":[{"href":"https:\/\/hotel-school.eu\/wp-index.php\/wp-json\/wp\/v2\/types\/page"}],"author":[{"embeddable":true,"href":"https:\/\/hotel-school.eu\/wp-index.php\/wp-json\/wp\/v2\/users\/1"}],"replies":[{"embeddable":true,"href":"https:\/\/hotel-school.eu\/wp-index.php\/wp-json\/wp\/v2\/comments?post=2044"}],"version-history":[{"count":35,"href":"https:\/\/hotel-school.eu\/wp-index.php\/wp-json\/wp\/v2\/pages\/2044\/revisions"}],"predecessor-version":[{"id":2305,"href":"https:\/\/hotel-school.eu\/wp-index.php\/wp-json\/wp\/v2\/pages\/2044\/revisions\/2305"}],"wp:attachment":[{"href":"https:\/\/hotel-school.eu\/wp-index.php\/wp-json\/wp\/v2\/media?parent=2044"}],"curies":[{"name":"wp","href":"https:\/\/api.w.org\/{rel}","templated":true}]}}