{"id":2047,"date":"2019-09-16T23:49:50","date_gmt":"2019-09-16T23:49:50","guid":{"rendered":"http:\/\/hotel-school.eu\/?page_id=2047"},"modified":"2025-11-28T14:36:02","modified_gmt":"2025-11-28T13:36:02","slug":"maturity","status":"publish","type":"page","link":"https:\/\/hotel-school.eu\/wp-index.php\/maturity\/","title":{"rendered":"Maturity"},"content":{"rendered":"<div class=\"fusion-fullwidth fullwidth-box fusion-builder-row-1 nonhundred-percent-fullwidth non-hundred-percent-height-scrolling\" style=\"background-color: rgba(255,255,255,0);background-position: center center;background-repeat: no-repeat;padding-top:0px;padding-right:0px;padding-bottom:0px;padding-left:0px;margin-bottom: 0px;margin-top: 0px;border-width: 0px 0px 0px 0px;border-color:#e7e4e2;border-style:solid;\" ><div class=\"fusion-builder-row fusion-row\"><div class=\"fusion-layout-column fusion_builder_column fusion-builder-column-0 fusion_builder_column_1_1 1_1 fusion-one-full fusion-column-first fusion-column-last\" style=\"margin-top:10px;margin-bottom:10px;\"><div class=\"fusion-column-wrapper fusion-flex-column-wrapper-legacy\" style=\"background-position:left top;background-repeat:no-repeat;-webkit-background-size:cover;-moz-background-size:cover;-o-background-size:cover;background-size:cover;padding: 0px 0px 0px 0px;\"><div class=\"fusion-text fusion-text-1\"><h3 style=\"text-align: center;\"><a href=\"https:\/\/www.kampomaturite.cz\/kampomaturite\/status-studenta-2023-do-kdy-jste-studenty-po-ma\" target=\"_blank\" rel=\"noopener\"><span style=\"color: #ff0000;\">Status studenta &#8211; do kdy jste studenty po maturit\u011b?<\/span><\/a><\/h3>\n<h3 style=\"text-align: center;\"><span style=\"color: #0000ff;\"><u>MATURITN\u00cd KALEND\u00c1\u0158 (CERMAT)<\/u><\/span><\/h3>\n<p style=\"text-align: center;\"><strong><span style=\"color: #0000ff;\"><u>Krit\u00e9ria hodnocen\u00ed zkou\u0161ek spole\u010dn\u00e9 \u010d\u00e1sti maturitn\u00ed zkou\u0161ky konan\u00e9 v roce 2026<\/u><\/span><\/strong><\/p>\n<p style=\"text-align: center;\">Na v\u00fdpisu z\u00a0p\u0159ihl\u00e1\u0161ky bude uveden\u00a0<strong>autentiza\u010dn\u00ed k\u00f3d VP\u017d<\/strong>, jeho\u017e prost\u0159ednictv\u00edm se od 2. ledna 2026 budou \u017e\u00e1ci moci registrovat na <a title=\"Nov\u00e9 okno\" href=\"https:\/\/vpz.cermat.cz\/Info\/Uvod.aspx\" target=\"_blank\" rel=\"noopener\">v\u00fdsledkov\u00e9m port\u00e1lu \u017e\u00e1ka<\/a>.<\/p>\n<\/div><div class=\"fusion-sep-clear\"><\/div><div class=\"fusion-separator fusion-full-width-sep\" style=\"margin-left: auto;margin-right: auto;margin-bottom:20px;width:100%;\"><div class=\"fusion-separator-border sep-single sep-solid\" style=\"border-color:#000000;border-top-width:2px;\"><\/div><\/div><div class=\"fusion-sep-clear\"><\/div><div class=\"fusion-text fusion-text-2\"><p style=\"text-align: center;\"><span style=\"font-size: 150%;\"><strong>Harmonogram<\/strong><\/span><\/p>\n<table align=\"center\">\n<tbody>\n<tr>\n<td>1. dubna 2026<\/td>\n<td>\u010cJ &#8211; p\u00edsemn\u00e1 \u010d\u00e1st<\/td>\n<\/tr>\n<tr>\n<td>7. dubna 2026<\/td>\n<td>AJ &#8211; p\u00edsemn\u00e1 \u010d\u00e1st<\/td>\n<\/tr>\n<tr>\n<td>8. dubna 2026<\/td>\n<td>NJ &#8211; p\u00edsemn\u00e1 \u010d\u00e1st<\/td>\n<\/tr>\n<tr>\n<td>kv\u011bten 2026<\/td>\n<td>spole\u010dn\u00e1 \u010d\u00e1st<\/td>\n<\/tr>\n<tr>\n<td>kv\u011bten 2026<\/td>\n<td>\u00fastn\u00ed \u010d\u00e1st<\/td>\n<\/tr>\n<tr>\n<td>kv\u011bten 2026<\/td>\n<td>obhajoby \u010d\u00e1st<\/td>\n<\/tr>\n<\/tbody>\n<\/table>\n<hr \/>\n<p style=\"text-align: center;\"><span style=\"font-size: 150%;\"><strong>\u0160koln\u00ed seznam liter\u00e1rn\u00edch d\u011bl:<\/strong><\/span> <a href=\"http:\/\/www.hotelovaskola.cz\/dokumenty\/M2026\/literatura_2026.pdf\" target=\"_blank\" rel=\"noopener\"><img decoding=\"async\" class=\"alignnone\" src=\"https:\/\/www.hotelovaskola.cz\/JOOMLA\/images\/stories\/pdf.gif\" alt=\"Seznam liter\u00e1rn\u00edch d\u011bl\" width=\"25\" height=\"25\" \/><\/a><\/p>\n<p style=\"text-align: center;\"><strong style=\"color: #ff0000;\">Seznam \u010detby odevzdat podepsan\u00fd vyu\u010duj\u00edc\u00edm \u010cJ nejpozd\u011bji do 31. b\u0159ezna.<\/strong><\/p>\n<p style=\"text-align: center;\"><strong>P\u0159i sestavov\u00e1n\u00ed seznamu \u010detby pou\u017eijte tento formul\u00e1\u0159 <\/strong><a href=\"https:\/\/www.hotelovaskola.cz\/dokumenty\/M2026\/seznam_cetby.docx\" target=\"_blank\" rel=\"noopener\"><img decoding=\"async\" class=\"alignnone\" style=\"height: 16px; width: 16px; margin-left: 2px; margin-right: 2px; border: #000000 1px;\" title=\"Formul\u00e1\u0159 pro Word\" src=\"https:\/\/www.hotelovaskola.cz\/JOOMLA\/images\/stories\/word.gif\" alt=\"word.gif\" width=\"16\" height=\"16\" align=\"bottom\" \/><\/a><strong>,<\/strong> <a href=\"https:\/\/www.hotelovaskola.cz\/dokumenty\/M2026\/seznam_cetby.doc\" target=\"_blank\" rel=\"noopener\"><img decoding=\"async\" class=\"alignnone\" style=\"height: 16px; width: 16px; margin-left: 2px; margin-right: 2px; border: #000000 1px;\" title=\"Formul\u00e1\u0159 pro Word\" src=\"https:\/\/www.hotelovaskola.cz\/JOOMLA\/images\/stories\/word.gif\" alt=\"word.gif\" width=\"16\" height=\"16\" align=\"bottom\" \/><\/a><strong>,<\/strong><a href=\"https:\/\/www.hotelovaskola.cz\/dokumenty\/M2026\/seznam_cetby.odt\" target=\"_blank\" rel=\"noopener\"><img decoding=\"async\" class=\"alignnone\" style=\"height: 16px; width: 16px; margin-left: 2px; margin-right: 2px; border: #000000 1px;\" title=\"Formul\u00e1\u0159 pro OpenOffice\" src=\"https:\/\/www.hotelovaskola.cz\/JOOMLA\/images\/stories\/writer.gif\" alt=\"writer.gif\" width=\"16\" height=\"16\" align=\"bottom\" \/><\/a><strong> (<\/strong><a title=\"Uk\u00e1zka seznamu \u010detby \" href=\"http:\/\/www.hotelovaskola.cz\/dokumenty\/M2026\/seznam_cetby_ukazka.pdf\" target=\"_blank\" rel=\"noopener\"><u><em><span style=\"color: #0066cc;\">uk\u00e1zka \u010d\u00e1ste\u010dn\u011b vypln\u011bn\u00e9ho seznamu<\/span><\/em><\/u><\/a><strong>)<\/strong><\/p>\n<\/div><div class=\"fusion-sep-clear\"><\/div><div class=\"fusion-separator fusion-full-width-sep\" style=\"margin-left: auto;margin-right: auto;margin-bottom:20px;width:100%;\"><div class=\"fusion-separator-border sep-single sep-solid\" style=\"border-color:#000000;border-top-width:1px;\"><\/div><\/div><div class=\"fusion-sep-clear\"><\/div><div class=\"fusion-text fusion-text-3\"><p style=\"text-align: center;\">\u017d\u00e1k\u016fm n\u00e1le\u017e\u00ed 5 vyu\u010dovac\u00edch dn\u016f volna <strong>k p\u0159\u00edprav\u011b<\/strong> na kon\u00e1n\u00ed maturitn\u00ed zkou\u0161ky.<\/p>\n<p style=\"text-align: center;\">Term\u00edn tohoto volna stanovila \u0159editelka \u0161koly na <strong>24. &#8211; 30. 4. 2026<\/strong>.<\/p>\n<\/div><div class=\"fusion-sep-clear\"><\/div><div class=\"fusion-separator fusion-full-width-sep\" style=\"margin-left: auto;margin-right: auto;margin-bottom:20px;width:100%;\"><div class=\"fusion-separator-border sep-single sep-solid\" style=\"border-color:#000000;border-top-width:1px;\"><\/div><\/div><div class=\"fusion-sep-clear\"><\/div><div class=\"fusion-text fusion-text-4\"><p align=\"center\"><strong>Ur\u010den\u00ed nab\u00eddky, formy a term\u00edn\u016f kon\u00e1n\u00ed povinn\u00fdch a nepovinn\u00fdch maturitn\u00edch zkou\u0161ek pro \u0161koln\u00ed rok 2025\/26<\/strong><\/p>\n<p align=\"justify\">\u0158editelka Hotelov\u00e9 \u0161koly Mari\u00e1nsk\u00e9 L\u00e1zn\u011b, p\u0159\u00edsp\u011bvkov\u00e1 organizace, v souladu se Z\u00e1konem \u010d. 561\/2004 Sb., o p\u0159ed\u0161koln\u00edm, z\u00e1kladn\u00edm, st\u0159edn\u00edm, vy\u0161\u0161\u00edm odborn\u00e9m a jin\u00e9m vzd\u011bl\u00e1v\u00e1n\u00ed (\u0161kolsk\u00fd z\u00e1kon), ve zn\u011bn\u00ed pozd\u011bj\u0161\u00edch p\u0159edpis\u016f, vyhl\u00e1\u0161kou \u010d. 177\/2009 Sb., o bli\u017e\u0161\u00edch podm\u00ednk\u00e1ch ukon\u010dov\u00e1n\u00ed vzd\u011bl\u00e1v\u00e1n\u00ed ve st\u0159edn\u00edch \u0161kol\u00e1ch maturitn\u00ed zkou\u0161kou, ve zn\u011bn\u00ed pozd\u011bj\u0161\u00edch p\u0159edpis\u016f ur\u010duje nab\u00eddku, formu kon\u00e1n\u00ed povinn\u00fdch a nepovinn\u00fdch zkou\u0161ek profilov\u00e9 \u010d\u00e1sti maturitn\u00ed zkou\u0161ky a stanovuje d\u00e9lku kon\u00e1n\u00ed a rozsah textu p\u00edsemn\u00e9 pr\u00e1ce z \u010desk\u00e9ho jazyka a literatury a z ciz\u00edho jazyka pro jarn\u00ed i podzimn\u00ed zku\u0161ebn\u00ed obdob\u00ed v roce 2025 takto:<\/p>\n<h3 style=\"text-align: center;\"><a href=\"https:\/\/www.hotelovaskola.cz\/dokumenty\/M2026\/M2026A.pdf\" target=\"_blank\" rel=\"noopener\"><strong>Obor vzd\u011bl\u00e1v\u00e1n\u00ed: 65 \u2013 42 \u2013 M \/ 01 Hotelnictv\u00ed\u00a0<\/strong><em>(\u0160VP &#8211; Hotelnictv\u00ed a turismus)<\/em> <\/a><a href=\"https:\/\/www.hotelovaskola.cz\/dokumenty\/M2026\/M2026A.pdf\" target=\"_blank\" rel=\"noopener\"><img decoding=\"async\" class=\"alignnone\" src=\"https:\/\/www.hotelovaskola.cz\/JOOMLA\/images\/stories\/pdf.gif\" alt=\"Hotelnictv\u00ed\" width=\"25\" height=\"25\" \/><\/a><\/h3>\n<p>T\u00e9mata k profilov\u00e9 \u010d\u00e1sti maturitn\u00ed zkou\u0161ky z <a href=\"https:\/\/www.hotelovaskola.cz\/dokumenty\/M2026\/AJ.pdf\" target=\"_blank\" rel=\"noopener\">anglick\u00e9ho jazyka<\/a><\/p>\n<p>T\u00e9mata k profilov\u00e9 \u010d\u00e1sti maturitn\u00ed zkou\u0161ky z <a href=\"https:\/\/www.hotelovaskola.cz\/dokumenty\/M2026\/NJ.pdf\" target=\"_blank\" rel=\"noopener\">n\u011bmeck\u00e9ho jazyka<\/a><\/p>\n<p>T\u00e9mata k profilov\u00e9 \u010d\u00e1sti maturitn\u00ed zkou\u0161ky z <a href=\"https:\/\/www.hotelovaskola.cz\/dokumenty\/M2026\/FJ.pdf\" target=\"_blank\" rel=\"noopener\">francouzsk\u00e9ho jazyka<\/a><\/p>\n<p>T\u00e9mata k profilov\u00e9 \u010d\u00e1sti maturitn\u00ed zkou\u0161ky ze <a href=\"https:\/\/www.hotelovaskola.cz\/dokumenty\/M2026\/SJ.pdf\" target=\"_blank\" rel=\"noopener\">\u0161pan\u011blsk\u00e9ho jazyka<\/a><\/p>\n<p>T\u00e9mata k profilov\u00e9 \u010d\u00e1sti maturitn\u00ed zkou\u0161ky z ekonomick\u00e9 \u010d\u00e1sti<\/p>\n<ul>\n<li><a href=\"https:\/\/www.hotelovaskola.cz\/dokumenty\/M2026\/Ek.pdf\" target=\"_blank\" rel=\"noopener\">Ekonomika<\/a><\/li>\n<li><a href=\"https:\/\/www.hotelovaskola.cz\/dokumenty\/M2026\/Uc.pdf\" target=\"_blank\" rel=\"noopener\">\u00da\u010detnictv\u00ed<\/a><\/li>\n<li><a href=\"https:\/\/www.hotelovaskola.cz\/dokumenty\/M2026\/CR.pdf\" target=\"_blank\" rel=\"noopener\">Cestovn\u00ed ruch<\/a><\/li>\n<li><a href=\"https:\/\/www.hotelovaskola.cz\/dokumenty\/M2026\/ZP.pdf\" target=\"_blank\" rel=\"noopener\">Z\u00e1klady pr\u00e1va<\/a><\/li>\n<li><a href=\"https:\/\/www.hotelovaskola.cz\/dokumenty\/M2026\/Pr.pdf\" target=\"_blank\" rel=\"noopener\">Pr\u00e1vo v podnik\u00e1n\u00ed<\/a><\/li>\n<\/ul>\n<p><a href=\"https:\/\/www.hotelovaskola.cz\/dokumenty\/M2026\/M_PRACE_zadani.pdf\" target=\"_blank\" rel=\"noopener\">Zad\u00e1n\u00ed maturitn\u00ed pr\u00e1ce<\/a> + <a href=\"https:\/\/www.hotelovaskola.cz\/dokumenty\/M2026\/M_PRACE.pdf\" target=\"_blank\" rel=\"noopener\">t\u00e9mata maturitn\u00ed pr\u00e1ce<\/a> (zkou\u0161ky z odborn\u00e9 \u010d\u00e1sti)<\/p>\n<p><a href=\"https:\/\/www.hotelovaskola.cz\/dokumenty\/M2026\/M.pdf\" target=\"_blank\" rel=\"noopener\"><em>T\u00e9mata k nepovinn\u00e9 profilov\u00e9 \u010d\u00e1sti maturitn\u00ed zkou\u0161ky z matematiky<\/em><\/a><\/p>\n<p><a href=\"https:\/\/www.hotelovaskola.cz\/dokumenty\/M2026\/FJ_n.pdf\" target=\"_blank\" rel=\"noopener\"><em>T\u00e9mata k nepovinn\u00e9 profilov\u00e9 \u010d\u00e1sti maturitn\u00ed zkou\u0161ky z francouzsk\u00e9ho jazyka<\/em><\/a><\/p>\n<\/div><div class=\"fusion-sep-clear\"><\/div><div class=\"fusion-separator fusion-full-width-sep\" style=\"margin-left: auto;margin-right: auto;width:100%;\"><div class=\"fusion-separator-border sep-double sep-solid\" style=\"border-color:#000000;border-top-width:1px;border-bottom-width:1px;\"><\/div><\/div><div class=\"fusion-sep-clear\"><\/div><div class=\"fusion-text fusion-text-5\"><p style=\"text-align: center;\"><a href=\"https:\/\/drive.google.com\/drive\/folders\/11g7jrqq5Fmy6Z3Q6ij4KymU0m6C8_xnQ?usp=drive_link\" target=\"_blank\" rel=\"noopener\"><strong>Europassy ke sta\u017een\u00ed<\/strong> <\/a><a href=\"https:\/\/drive.google.com\/drive\/folders\/11g7jrqq5Fmy6Z3Q6ij4KymU0m6C8_xnQ?usp=drive_link\" target=\"_blank\" rel=\"noopener\"><img decoding=\"async\" class=\"aligncenter wp-image-2939 size-full\" src=\"https:\/\/hotel-school.eu\/wp-content\/uploads\/2023\/02\/doc-header2.png\" alt=\"\" width=\"30\" height=\"32\" \/><\/a><\/p>\n<p style=\"text-align: center;\"><a href=\"https:\/\/hotel-school.eu\/wp-content\/uploads\/2023\/02\/infografika_dodatek.png\" target=\"_blank\" rel=\"noopener\">k \u010demu je to dobr\u00e9<\/a><\/p>\n<hr \/>\n<p><a href=\"https:\/\/www.kampomaturite.cz\/casopis\/\" target=\"_blank\" rel=\"noopener\"><img decoding=\"async\" class=\"size-full wp-image-3304 aligncenter\" src=\"https:\/\/hotel-school.eu\/wp-content\/uploads\/2024\/01\/kampomaturite.jpg\" alt=\"\" width=\"267\" height=\"78\" srcset=\"https:\/\/hotel-school.eu\/wp-content\/uploads\/2024\/01\/kampomaturite-200x58.jpg 200w, https:\/\/hotel-school.eu\/wp-content\/uploads\/2024\/01\/kampomaturite.jpg 267w\" sizes=\"(max-width: 267px) 100vw, 267px\" \/><\/a><\/p>\n<\/div><div class=\"fusion-clearfix\"><\/div><\/div><\/div><\/div><\/div>\n","protected":false},"excerpt":{"rendered":"","protected":false},"author":1,"featured_media":0,"parent":0,"menu_order":0,"comment_status":"closed","ping_status":"closed","template":"","meta":{"footnotes":""},"class_list":["post-2047","page","type-page","status-publish","hentry"],"_links":{"self":[{"href":"https:\/\/hotel-school.eu\/wp-index.php\/wp-json\/wp\/v2\/pages\/2047","targetHints":{"allow":["GET"]}}],"collection":[{"href":"https:\/\/hotel-school.eu\/wp-index.php\/wp-json\/wp\/v2\/pages"}],"about":[{"href":"https:\/\/hotel-school.eu\/wp-index.php\/wp-json\/wp\/v2\/types\/page"}],"author":[{"embeddable":true,"href":"https:\/\/hotel-school.eu\/wp-index.php\/wp-json\/wp\/v2\/users\/1"}],"replies":[{"embeddable":true,"href":"https:\/\/hotel-school.eu\/wp-index.php\/wp-json\/wp\/v2\/comments?post=2047"}],"version-history":[{"count":101,"href":"https:\/\/hotel-school.eu\/wp-index.php\/wp-json\/wp\/v2\/pages\/2047\/revisions"}],"predecessor-version":[{"id":4652,"href":"https:\/\/hotel-school.eu\/wp-index.php\/wp-json\/wp\/v2\/pages\/2047\/revisions\/4652"}],"wp:attachment":[{"href":"https:\/\/hotel-school.eu\/wp-index.php\/wp-json\/wp\/v2\/media?parent=2047"}],"curies":[{"name":"wp","href":"https:\/\/api.w.org\/{rel}","templated":true}]}}