{"id":2090,"date":"2020-04-29T04:13:09","date_gmt":"2020-04-29T04:13:09","guid":{"rendered":"http:\/\/hotel-school.eu\/wp-index.php\/?page_id=2090"},"modified":"2023-08-17T01:13:01","modified_gmt":"2023-08-17T00:13:01","slug":"gdpr","status":"publish","type":"page","link":"https:\/\/hotel-school.eu\/wp-index.php\/gdpr\/","title":{"rendered":"Ochrana osobn\u00edch \u00fadaj\u016f"},"content":{"rendered":"<div class=\"fusion-fullwidth fullwidth-box fusion-builder-row-1 nonhundred-percent-fullwidth non-hundred-percent-height-scrolling\" style=\"background-color: rgba(255,255,255,0);background-position: center center;background-repeat: no-repeat;padding-top:0px;padding-right:0px;padding-bottom:0px;padding-left:0px;margin-bottom: 0px;margin-top: 0px;border-width: 0px 0px 0px 0px;border-color:#e7e4e2;border-style:solid;\" ><div class=\"fusion-builder-row fusion-row\"><div class=\"fusion-layout-column fusion_builder_column fusion-builder-column-0 fusion_builder_column_1_1 1_1 fusion-one-full fusion-column-first fusion-column-last\" style=\"margin-top:10px;margin-bottom:10px;\"><div class=\"fusion-column-wrapper fusion-flex-column-wrapper-legacy\" style=\"background-position:left top;background-repeat:no-repeat;-webkit-background-size:cover;-moz-background-size:cover;-o-background-size:cover;background-size:cover;padding: 0px 0px 0px 0px;\"><div class=\"fusion-text fusion-text-1\"><h3>Uplatn\u011bn\u00ed pr\u00e1va subjektu \u00fadaj\u016f<\/h3>\n<p><span style=\"line-height: 25px; letter-spacing: normal;\" data-fusion-font=\"true\">Pov\u011b\u0159enec: <\/span><b style=\"line-height: 25px; letter-spacing: normal;\" data-fusion-font=\"true\">VARIKO CZ s.r.o.<\/b><\/p>\n<p><span style=\"background-color: rgba(255, 255, 255, 0); color: var(--body_typography-color); font-family: var(--body_typography-font-family); font-size: var(--body_typography-font-size); font-style: var(--body_typography-font-style,normal); font-weight: var(--body_typography-font-weight); letter-spacing: normal; line-height: 25px;\" data-fusion-font=\"true\">Kontakt: <\/span><a href=\"mailto:info@variko.cz\"><span style=\"background-color: rgba(255, 255, 255, 0); color: var(--body_typography-color); font-family: var(--body_typography-font-family); font-size: var(--body_typography-font-size); font-style: var(--body_typography-font-style,normal); letter-spacing: var(--body_typography-letter-spacing);\"><b style=\"line-height: 25px; letter-spacing: normal;\" data-fusion-font=\"true\">info@variko.cz<\/b><\/span><\/a><\/p>\n<p><span style=\"line-height: 25px; letter-spacing: normal;\" data-fusion-font=\"true\">Telefon: <\/span><b style=\"line-height: 25px; letter-spacing: normal;\" data-fusion-font=\"true\">+420 377 549 156<\/b><\/p>\n<p>Formul\u00e1\u0159e k uplatn\u011bn\u00ed pr\u00e1v &#8211; ke sta\u017een\u00ed <strong><a href=\"https:\/\/hotel-school.eu\/wp-index.php\/formulare-gdpr\/\" rel=\"noopener noreferrer\">zde<\/a><\/strong><\/p>\n<p>Informace o zpracov\u00e1n\u00ed osobn\u00edch \u00fadaj\u016f a pou\u010den\u00ed o pr\u00e1vech souvisej\u00edc\u00edch s ochranou osobn\u00edch \u00fadaj\u016f &#8211; ke sta\u017een\u00ed <a href=\"https:\/\/www.hotelovaskola.cz\/dokumenty\/GDPR\/Informace_GDPR.pdf\" target=\"_blank\" rel=\"noopener noreferrer\">zde<\/a><a href=\"https:\/\/www.hotelovaskola.cz\/dokumenty\/GDPR\/Informace_GDPR.pdf\" target=\"_blank\" rel=\"noopener\"><img decoding=\"async\" title=\"pdf.gif\" src=\"https:\/\/www.hotelovaskola.cz\/JOOMLA\/images\/stories\/pdf.gif\" alt=\"pdf.gif\" width=\"16\" height=\"16\" align=\"bottom\" \/><\/a><\/p>\n<p><a href=\"https:\/\/www.uoou.cz\/\" target=\"_blank\" rel=\"noopener noreferrer\">Kontakt na \u00da\u0159ad pro ochranu osobn\u00edch \u00fadaj\u016f<\/a><\/p>\n<\/div><div class=\"fusion-clearfix\"><\/div><\/div><\/div><\/div><\/div>\n","protected":false},"excerpt":{"rendered":"","protected":false},"author":1,"featured_media":0,"parent":0,"menu_order":0,"comment_status":"closed","ping_status":"closed","template":"","meta":{"footnotes":""},"class_list":["post-2090","page","type-page","status-publish","hentry"],"_links":{"self":[{"href":"https:\/\/hotel-school.eu\/wp-index.php\/wp-json\/wp\/v2\/pages\/2090","targetHints":{"allow":["GET"]}}],"collection":[{"href":"https:\/\/hotel-school.eu\/wp-index.php\/wp-json\/wp\/v2\/pages"}],"about":[{"href":"https:\/\/hotel-school.eu\/wp-index.php\/wp-json\/wp\/v2\/types\/page"}],"author":[{"embeddable":true,"href":"https:\/\/hotel-school.eu\/wp-index.php\/wp-json\/wp\/v2\/users\/1"}],"replies":[{"embeddable":true,"href":"https:\/\/hotel-school.eu\/wp-index.php\/wp-json\/wp\/v2\/comments?post=2090"}],"version-history":[{"count":8,"href":"https:\/\/hotel-school.eu\/wp-index.php\/wp-json\/wp\/v2\/pages\/2090\/revisions"}],"predecessor-version":[{"id":3081,"href":"https:\/\/hotel-school.eu\/wp-index.php\/wp-json\/wp\/v2\/pages\/2090\/revisions\/3081"}],"wp:attachment":[{"href":"https:\/\/hotel-school.eu\/wp-index.php\/wp-json\/wp\/v2\/media?parent=2090"}],"curies":[{"name":"wp","href":"https:\/\/api.w.org\/{rel}","templated":true}]}}