{"id":3058,"date":"2023-07-25T09:05:07","date_gmt":"2023-07-25T08:05:07","guid":{"rendered":"https:\/\/hotel-school.eu\/wp-index.php\/?page_id=3058"},"modified":"2023-08-01T08:22:31","modified_gmt":"2023-08-01T07:22:31","slug":"ochrana-oznamovatelu","status":"publish","type":"page","link":"https:\/\/hotel-school.eu\/wp-index.php\/ochrana-oznamovatelu\/","title":{"rendered":"Ochrana oznamovatel\u016f"},"content":{"rendered":"<div class=\"fusion-fullwidth fullwidth-box fusion-builder-row-1 fusion-flex-container nonhundred-percent-fullwidth non-hundred-percent-height-scrolling\" style=\"background-color: rgba(255,255,255,0);background-position: center center;background-repeat: no-repeat;border-width: 0px 0px 0px 0px;border-color:#e7e4e2;border-style:solid;\" ><div class=\"fusion-builder-row fusion-row fusion-flex-align-items-flex-start\" style=\"max-width:1331.2px;margin-left: calc(-4% \/ 2 );margin-right: calc(-4% \/ 2 );\"><div class=\"fusion-layout-column fusion_builder_column fusion-builder-column-0 fusion_builder_column_1_1 1_1 fusion-flex-column\"><div class=\"fusion-column-wrapper fusion-flex-justify-content-flex-start fusion-content-layout-column\" style=\"background-position:left top;background-repeat:no-repeat;-webkit-background-size:cover;-moz-background-size:cover;-o-background-size:cover;background-size:cover;padding: 0px 0px 0px 0px;\"><div class=\"fusion-text fusion-text-1\"><p><strong>Z\u00e1kladn\u00ed informace k ochran\u011b oznamovatel\u016f:<\/strong><\/p>\n<p>Hotelov\u00e1 \u0161kola Mari\u00e1nsk\u00e9 L\u00e1zn\u011b, p\u0159\u00edsp\u011bvkov\u00e1 organizace je povinn\u00fdm subjektem, kter\u00fd mus\u00ed zajistiti v souladu se z\u00e1konem \u010d. 171\/2023 Sb., o ochran\u011b oznamovatel\u016f, v platn\u00e9m zn\u011bn\u00ed (d\u00e1le jen \u201ez\u00e1kon o ochran\u011b oznamovatel\u016f\u201c) ochranu fyzick\u00fdch osob, kter\u00e9 ozn\u00e1men\u00ed u\u010dinily.<\/p>\n<ol>\n<li>Ochrana podle shora uveden\u00e9ho z\u00e1kona n\u00e1le\u017e\u00ed oznamovateli, kter\u00fd podal ozn\u00e1men\u00ed prost\u0159ednictv\u00edm vnit\u0159n\u00edho nebo vn\u011bj\u0161\u00edho oznamovac\u00edho syst\u00e9mu nebo uve\u0159ejn\u011bn\u00edm.<\/li>\n<li>Volba mezi vnit\u0159n\u00edm a vn\u011bj\u0161\u00edm oznamovac\u00edm syst\u00e9mem je na rozhodnut\u00ed oznamovatele. Vn\u011bj\u0161\u00ed oznamovac\u00ed syst\u00e9m spravuje Ministerstvo spravedlnosti &#8211; viz odkaz <a href=\"https:\/\/oznamovatel.justice.cz\/\" target=\"_blank\" rel=\"noopener\"><u>Oznamovatel \u2013 Ministerstvo spravedlnosti<\/u><\/a> (<a href=\"https:\/\/oznamovatel.justice.cz\/\" target=\"_blank\" rel=\"noopener\"><u>justice.cz<\/u><\/a>).<\/li>\n<li>Uve\u0159ejnit ozn\u00e1men\u00ed m\u016f\u017ee oznamovatel jedin\u011b, pokud\n<ul>\n<li>\u00a0podal ozn\u00e1men\u00ed prost\u0159ednictv\u00edm vnit\u0159n\u00edho oznamovac\u00edho syst\u00e9mu a ministerstvu nebo pouze ministerstvu a ve lh\u016ft\u00e1ch stanoven\u00fdch t\u00edmto z\u00e1konem nebylo p\u0159ijato vhodn\u00e9 opat\u0159en\u00ed, zejm\u00e9na p\u0159\u00edslu\u0161n\u00e1 osoba neposoudila d\u016fvodnost ozn\u00e1men\u00ed podle ustanoven\u00ed \u00a7 12 odst. 3 z\u00e1kona o ochran\u011b oznamovatel\u016f, povinn\u00fd subjekt nep\u0159ijal k p\u0159edejit\u00ed nebo n\u00e1prav\u011b protipr\u00e1vn\u00edho stavu jin\u00e9 vhodn\u00e9 opat\u0159en\u00ed podle ustanoven\u00ed \u00a7 12 odst. 5 z\u00e1kona ochran\u011b oznamovatel\u016f, nebo st\u00e1tn\u00ed zam\u011bstnanec podle ustanoven\u00ed \u00a7 13 neposoudil ozn\u00e1men\u00ed podle ustanoven\u00ed \u00a7 17 odst. 1 z\u00e1kona o ochran\u011b oznamovatel\u016f,<\/li>\n<li>m\u00e1 opr\u00e1vn\u011bn\u00fd d\u016fvod se domn\u00edvat, \u017ee protipr\u00e1vn\u00ed jedn\u00e1n\u00ed uveden\u00e9 v ozn\u00e1men\u00ed m\u016f\u017ee v\u00e9st k bezprost\u0159edn\u00edmu nebo zjevn\u00e9mu ohro\u017een\u00ed vnit\u0159n\u00edho po\u0159\u00e1dku nebo bezpe\u010dnosti, \u017eivota nebo zdrav\u00ed, \u017eivotn\u00edho prost\u0159ed\u00ed nebo jin\u00e9ho ve\u0159ejn\u00e9ho z\u00e1jmu nebo ke vzniku nenapraviteln\u00e9 \u00fajmy, nebo<\/li>\n<li>m\u00e1 opr\u00e1vn\u011bn\u00fd d\u016fvod se domn\u00edvat, \u017ee v p\u0159\u00edpad\u011b pod\u00e1n\u00ed ozn\u00e1men\u00ed ministerstvu existuje vzhledem k okolnostem p\u0159\u00edpadu zv\u00fd\u0161en\u00e9 riziko, \u017ee budou on nebo osoba podle ustanoven\u00ed \u00a7 4 odst. 2 p\u00edsm. a) a\u017e h) z\u00e1kona o ochran\u011b oznamovatel\u016f vystaveni odvetn\u00fdm opat\u0159en\u00edm nebo \u017ee je ohro\u017een postup podle hlavy III z\u00e1kona o ochran\u011b oznamovatele.<\/li>\n<\/ul>\n<\/li>\n<li>Podat lze ozn\u00e1men\u00ed, kter\u00e9 obsahuje informace o mo\u017en\u00e9m protipr\u00e1vn\u00edm jedn\u00e1n\u00ed, k n\u011bmu\u017e do\u0161lo nebo m\u00e1 doj\u00edt u osoby, pro ni\u017e oznamovatel, by\u0165 zprost\u0159edkovan\u011b, vykon\u00e1val nebo vykon\u00e1v\u00e1 pr\u00e1ci nebo jinou obdobnou \u010dinnost, nebo u osoby, se kterou oznamovatel byl nebo je v kontaktu v souvislosti s v\u00fdkonem pr\u00e1ce nebo jin\u00e9 obdobn\u00e9 \u010dinnosti (ustanoven\u00ed \u00a7 2 odst. 3 a odst. 4 z\u00e1kona o ochran\u011b oznamovatel\u016f), a kter\u00e9\n<ul>\n<li>m\u00e1 znaky trestn\u00e9ho \u010dinu,<\/li>\n<li>m\u00e1 znaky p\u0159estupku, za kter\u00fd z\u00e1kon stanov\u00ed sazbu pokuty, jej\u00ed\u017e horn\u00ed hranice je alespo\u0148 100 000 K\u010d,<\/li>\n<li>poru\u0161uje tento z\u00e1kon o ochran\u011b oznamovatel\u016f, nebo<\/li>\n<li>poru\u0161uje jin\u00fd pr\u00e1vn\u00ed p\u0159edpis nebo p\u0159edpis Evropsk\u00e9 unie v oblasti\n<ol>\n<li>\u00a0finan\u010dn\u00edch slu\u017eeb, povinn\u00e9ho auditu a jin\u00fdch ov\u011b\u0159ovac\u00edch slu\u017eeb, finan\u010dn\u00edch produkt\u016f a finan\u010dn\u00edch trh\u016f,<\/li>\n<li>dan\u011b z p\u0159\u00edjm\u016f pr\u00e1vnick\u00fdch osob,<\/li>\n<li>p\u0159edch\u00e1zen\u00ed legalizaci v\u00fdnos\u016f z trestn\u00e9 \u010dinnosti a financov\u00e1n\u00ed terorismu,<\/li>\n<li>ochrany spot\u0159ebitele,<\/li>\n<li>souladu s po\u017eadavky na v\u00fdrobky v\u010detn\u011b jejich bezpe\u010dnosti,<\/li>\n<li>bezpe\u010dnosti dopravy, p\u0159epravy a provozu na pozemn\u00edch komunikac\u00edch,<\/li>\n<li>ochrany \u017eivotn\u00edho prost\u0159ed\u00ed,<\/li>\n<li>bezpe\u010dnosti potravin a krmiv a ochrany zv\u00ed\u0159at a jejich zdrav\u00ed,<\/li>\n<li>radia\u010dn\u00ed ochrany a jadern\u00e9 bezpe\u010dnosti,<\/li>\n<li>hospod\u00e1\u0159sk\u00e9 sout\u011b\u017ee, ve\u0159ejn\u00fdch dra\u017eeb a zad\u00e1v\u00e1n\u00ed ve\u0159ejn\u00fdch zak\u00e1zek,<\/li>\n<li>ochrany vnit\u0159n\u00edho po\u0159\u00e1dku a bezpe\u010dnosti, \u017eivota a zdrav\u00ed,<\/li>\n<li>ochrany osobn\u00edch \u00fadaj\u016f, soukrom\u00ed a bezpe\u010dnosti s\u00edt\u00ed elektronick\u00fdch komunikac\u00ed a informa\u010dn\u00edch syst\u00e9m\u016f,<\/li>\n<li>ochrany finan\u010dn\u00edch z\u00e1jm\u016f Evropsk\u00e9 unie, nebo<\/li>\n<li>fungov\u00e1n\u00ed vnit\u0159n\u00edho trhu v\u010detn\u011b ochrany hospod\u00e1\u0159sk\u00e9 sout\u011b\u017ee a st\u00e1tn\u00ed podpory podle pr\u00e1va Evropsk\u00e9 unie.<\/li>\n<\/ol>\n<\/li>\n<\/ul>\n<\/li>\n<li>\u00a0Fyzick\u00e1 osoba m\u016f\u017ee podat ozn\u00e1men\u00ed p\u0159\u00edslu\u0161n\u00e9 osob\u011b, a to bu\u010f:\n<ul>\n<li>p\u00edsemn\u011b v listinn\u00e9 podob\u011b na adresu Hotelov\u00e1 \u0161kola Mari\u00e1nsk\u00e9 L\u00e1zn\u011b, p.o., Komensk\u00e9ho 449\/2, 353 01 Mari\u00e1nsk\u00e9 L\u00e1zn\u011b, s ozna\u010den\u00edm ob\u00e1lky \u201eNEOTV\u00cdRAT \u2013 pouze k ruk\u00e1m p\u0159\u00edslu\u0161n\u00e9 osoby pro ochranu oznamovatel\u016f\u201c, p\u0159\u00edpadn\u011b pod\u00e1n\u00edm ob\u00e1lky na podateln\u011b \u00fa\u0159adu s ozna\u010den\u00edm \u201eWHISTLEBLOWING\u201c,<\/li>\n<li>elektronicky na e-mailov\u00e9 adrese whistleblowing@hotelovaskola.cz,<\/li>\n<li>\u00fastn\u011b v p\u0159im\u011b\u0159en\u00e9 lh\u016ft\u011b u p\u0159\u00edslu\u0161n\u00e9 osoby v kancel\u00e1\u0159i, nebo dle domluvy jinde, kdy o podan\u00e9m\u00a0 ozn\u00e1men\u00ed bude seps\u00e1n p\u00edsemn\u00fd z\u00e1znam, p\u0159\u00edpadn\u011b bude se souhlasem oznamovatele po\u0159\u00edzen zvukov\u00fd z\u00e1znam ozn\u00e1men\u00ed.<\/li>\n<\/ul>\n<\/li>\n<li>P\u0159\u00edslu\u0161n\u00e9 osoby:<br \/>Mgr. Bc. Lenka Valov\u00e1, tel.: 354 222 176, 601 214 197<br \/>Ing. Radim Adamec, tel.: 354 222 410, 736 650 331<br \/>e-mail: whistleblowing@hotelovaskola.cz<\/li>\n<\/ol>\n<\/div><\/div><style type=\"text\/css\">.fusion-body .fusion-builder-column-0{width:100% !important;margin-top : 10px;margin-bottom : 10px;}.fusion-builder-column-0 > .fusion-column-wrapper {padding-top : 0px !important;padding-right : 0px !important;margin-right : 1.92%;padding-bottom : 0px !important;padding-left : 0px !important;margin-left : 1.92%;}@media only screen and (max-width:1024px) {.fusion-body .fusion-builder-column-0{width:100% !important;order : 0;}.fusion-builder-column-0 > .fusion-column-wrapper {margin-right : 1.92%;margin-left : 1.92%;}}@media only screen and (max-width:640px) {.fusion-body .fusion-builder-column-0{width:100% !important;order : 0;}.fusion-builder-column-0 > .fusion-column-wrapper {margin-right : 1.92%;margin-left : 1.92%;}}<\/style><\/div><\/div><style type=\"text\/css\">.fusion-body .fusion-flex-container.fusion-builder-row-1{ padding-top : 0px;margin-top : 0px;padding-right : 0px;padding-bottom : 0px;margin-bottom : 0px;padding-left : 0px;}<\/style><\/div>\n","protected":false},"excerpt":{"rendered":"","protected":false},"author":3,"featured_media":0,"parent":0,"menu_order":0,"comment_status":"closed","ping_status":"closed","template":"","meta":{"footnotes":""},"class_list":["post-3058","page","type-page","status-publish","hentry"],"_links":{"self":[{"href":"https:\/\/hotel-school.eu\/wp-index.php\/wp-json\/wp\/v2\/pages\/3058","targetHints":{"allow":["GET"]}}],"collection":[{"href":"https:\/\/hotel-school.eu\/wp-index.php\/wp-json\/wp\/v2\/pages"}],"about":[{"href":"https:\/\/hotel-school.eu\/wp-index.php\/wp-json\/wp\/v2\/types\/page"}],"author":[{"embeddable":true,"href":"https:\/\/hotel-school.eu\/wp-index.php\/wp-json\/wp\/v2\/users\/3"}],"replies":[{"embeddable":true,"href":"https:\/\/hotel-school.eu\/wp-index.php\/wp-json\/wp\/v2\/comments?post=3058"}],"version-history":[{"count":6,"href":"https:\/\/hotel-school.eu\/wp-index.php\/wp-json\/wp\/v2\/pages\/3058\/revisions"}],"predecessor-version":[{"id":3066,"href":"https:\/\/hotel-school.eu\/wp-index.php\/wp-json\/wp\/v2\/pages\/3058\/revisions\/3066"}],"wp:attachment":[{"href":"https:\/\/hotel-school.eu\/wp-index.php\/wp-json\/wp\/v2\/media?parent=3058"}],"curies":[{"name":"wp","href":"https:\/\/api.w.org\/{rel}","templated":true}]}}